et q be j(9). Suppose -262 = -f - 2*t, 11*f - 7*f - q = 4*t. What is the greatest common factor of f and 10?
10
Suppose -646 = 14*u + 3*u. Let y be ((-570)/u)/((-6)/(-8)). Calculate the highest common divisor of 20 and y.
20
Let w(z) = -2*z**3 - 5*z**2 + 7. Let j be w(-3). Let g = 1 + j. Let l(c) = -c**2 - 13*c - 2. Let n be l(-9). What is the highest common divisor of n and g?
17
Suppose -65*y + 503881 + 529229 = 0. What is the greatest common factor of y and 18?
18
Let v(i) = 3*i + 46. Let n be v(-14). Let p be n/14 - 721/(-49). Suppose 5*u - 39 - 261 = 0. Calculate the greatest common divisor of u and p.
15
Suppose 3*l = -4*r - 111, l = -2*l - 15. Let z = r - -39. Suppose 80 = 2*c - 4*m, -c + m + 60 = z. Calculate the highest common divisor of 30 and c.
10
Let o be (12691/(-148))/(2/8). Let f(t) = 32*t**2 - t + 2. Let q be f(-4). Let u = o + q. Calculate the highest common factor of 70 and u.
35
Let f(k) = 27*k + 651. Let a be f(-18). What is the highest common divisor of 345 and a?
15
Suppose -98*h + 1825 = -6407. Let n be 5 - (47/(-4))/((-11)/(-572)). What is the greatest common factor of h and n?
28
Let f(d) = 6754*d - 2721. Let j be f(1). What is the greatest common factor of j and 259?
37
Let a = 14473 + -14433. What is the greatest common divisor of a and 2540?
20
Let d = 333 - 149. Suppose -9*l = -17*l + d. What is the highest common divisor of l and 161?
23
Let w(q) = 9*q**3 + 42*q**2 - 24*q - 5. Let s be w(-5). What is the highest common factor of s and 12180?
20
Suppose 5*f - 4 = 6. Suppose -3*z + f*a = -95 - 63, -3*a = -3*z + 153. Let u = z - 54. Calculate the greatest common divisor of u and 10.
2
Suppose -7 + 2 = 5*m, 298 = 2*y + 2*m. What is the greatest common factor of 2775 and y?
75
Suppose -b - 23*b = -72. Suppose -b = 9*j - 12. What is the highest common divisor of j and 17?
1
Suppose 5832 = -14*d + 23*d. Let t be (((-8)/(-3))/(-2))/((-6)/d). What is the highest common divisor of t and 12?
12
Let n = 35 + -35. Suppose -5*r + n*p = 2*p + 202, 5*r + 3*p = -203. Let w = 78 + r. What is the greatest common factor of w and 57?
19
Suppose -2*g = 6*l - 646, -3*l + 2*g = 2*l - 564. Calculate the highest common divisor of 7832 and l.
22
Suppose -29*v - 2*a - 166 = -31*v, 3*a = v - 73. Suppose 1975 = 5*i - y, 3*y + 381 + 1584 = 5*i. What is the highest common divisor of i and v?
44
Let n(c) = -c**3 - 5*c**2 + 8*c + 11. Let j be n(-6). Let y be (j/3 - 1) + 1044/54. Calculate the highest common factor of 162 and y.
18
Let d = 5149 + -5016. What is the highest common factor of d and 9044?
133
Suppose -2*b + 7*b = 35. Let z = 89 + -85. Suppose -2*o - z*n + 246 = 0, 149 - 20 = o + 5*n. Calculate the greatest common factor of b and o.
7
Suppose 0 = 2*n + 3*n + 5. Let o be -4*(2 - (n - -4)). Suppose -2*m + 6*m - o = 0, -5*x + m + 554 = 0. Calculate the greatest common factor of x and 74.
37
Let w = -6104 + 18556. What is the greatest common factor of 88 and w?
44
Suppose 3*h = 5*i + 86, -h - 4*i + 7 = 1. Let z be (-33)/h + (-1)/2. Let b be (z - (-1 - -1)) + 9. Calculate the greatest common divisor of 7 and b.
7
Let y = -5639 - -5707. Suppose -2*m + 4*m = 8. What is the highest common divisor of y and m?
4
Let g(q) = 44*q - 335. Let i(l) = -45*l + 334. Let a(z) = -4*g(z) - 3*i(z). Let x be a(8). What is the highest common divisor of 470 and x?
10
Let c = -73 - -73. Let m be (3 - -1)/(-4 - 6/(-1)). Suppose c = m*i - 9 - 1, 4*x = 5*i - 5. What is the highest common divisor of 15 and x?
5
Let i(q) = -4*q**2 - 19 - 8*q**2 + 2*q**2 - 4*q**3 + 3*q**2. Let n be i(-4). What is the highest common factor of 25 and n?
25
Let r(y) = -9*y + 159. Let l be r(9). Let v be (16626/l - 4) + 2/(-13). What is the greatest common divisor of v and 76?
19
Let n = 3 - 2. Suppose -32 = -495*d + 527*d. Let b = n - d. Calculate the highest common factor of 14 and b.
2
Suppose 5*n - 38 = -3*y + 13, -2*y = 5*n - 44. Calculate the greatest common factor of n and 2829.
3
Suppose 0 = 2*l + 10*l + 384. Let p be 4/(l/4) + 14/4. Suppose -2*o + u = -33, -4*u = -p*o - 0*u + 62. What is the highest common divisor of o and 154?
14
Suppose m + 63 = 4*r, 5*m = 47*r - 46*r - 30. Calculate the highest common factor of r and 4860.
15
Suppose 83*c - 11748 = -6*c. Calculate the greatest common factor of c and 228.
12
Suppose 0 = 8*i - 47*i + 780. Calculate the highest common factor of 18 and i.
2
Suppose 2*o = n + 757, o + n - 228 - 149 = 0. Suppose -2*r + 8 = 0, i - 13 - 21 = 5*r. What is the greatest common divisor of i and o?
54
Let k = 395 + -282. Let f = -110 + k. Let p be (-3 + 7)/(1/f). Calculate the greatest common factor of p and 32.
4
Let d = -160 + 249. Suppose 5*q = -3*k + d + 779, -k - 5*q + 276 = 0. Let v be 54/135 + k/10. What is the greatest common divisor of v and 6?
6
Suppose 11*z + 25896 = 30216 + 60800. Calculate the highest common divisor of 555 and z.
185
Let p(d) = -d**2 + 327*d - 1277. Let v be p(4). Let y be (-1)/((-109)/(-55) - 2). Calculate the greatest common factor of v and y.
5
Let o be (-4004)/(-5) - (-40)/(-50)*(-1)/4. Calculate the highest common divisor of o and 623.
89
Let q(s) = s**3 - 46*s**2 - 394*s - 83. Let g be q(54). Calculate the highest common factor of 44 and g.
11
Let x = -750 + 780. Suppose 24*o = -x*o + 18144. What is the greatest common divisor of o and 12?
12
Let z(f) = 100*f**2 - 34*f + 28. Let g be z(3). Calculate the greatest common divisor of 140 and g.
14
Let n = -163 + 163. Suppose n = -4*c - 8 + 20. Calculate the highest common divisor of 24 and c.
3
Let x(a) = 102*a + 67. Let b be x(10). Let y = b + -1080. Let l = 8 + 13. What is the greatest common divisor of l and y?
7
Let o(v) = -v**2 - 83*v - 941. Let c be o(-48). Calculate the highest common divisor of 1 and c.
1
Let i be 3/((2/(-22))/((-690)/759)). Calculate the greatest common divisor of 3810 and i.
30
Suppose 37*k - 3*r - 467 = 33*k, -5*r = 3*k - 372. Let t be 1/((-920)/(-306) - 3). Calculate the highest common divisor of t and k.
17
Suppose -3758 = -5*p - 4*r, 2*p - 1514 = -0*r + 2*r. Let b = p + -737. What is the greatest common factor of 17 and b?
17
Let c(w) = w**3 + 12*w**2 + 3. Let o(b) = -57 + 5*b - 2*b + 21. Let v be o(8). Let k be c(v). What is the greatest common factor of k and 33?
3
Let l = 3835 - 11788. Let p be l/(-55) + (-3)/5. Calculate the greatest common divisor of 16 and p.
16
Suppose 79 = -i + 5*p, -4*p + 2*p = 3*i + 288. Let j = i - -108. Suppose j*a - 7*a - 686 = 0. What is the highest common factor of 14 and a?
14
Let d = -11777 + 11791. What is the greatest common divisor of d and 798?
14
Let d be -4 - 1/(-2)*-4. Let p be d/4 + 103/2. What is the greatest common divisor of 10 and p?
10
Let y(f) = -31*f + 26. Let b be y(-5). Suppose -5*z - 121 + b = 0. What is the greatest common divisor of z and 36?
12
Let t(a) = 2*a**2 + 8*a - 9. Let b be t(-7). Let m be (-8 - -229) + 340/34. What is the highest common divisor of m and b?
33
Suppose 8 = -2*c - 0. Let x = c - -59. Let f = -64 - -97. Calculate the greatest common divisor of x and f.
11
Suppose 2*x - f - 25 + 70 = 0, -3*x + f = 67. Let r(w) = w**3 + 23*w**2 + 24*w + 55. Let a be r(x). What is the greatest common divisor of a and 88?
11
Let v = -29 - -30. Suppose -v = -30*o + 29*o. Let p be (3 - (o - 0)) + 70. What is the greatest common divisor of p and 8?
8
Suppose -110*a + 330 = -121*a. Let w be (2*5/a)/((-1)/3). Let m = 27 + -8. Calculate the greatest common factor of m and w.
1
Let n = -4532 - -4552. Let z(o) = -o**3 + 7*o**2 + 8*o + 2. Let g be z(7). Suppose 0 = t + g - 238. Calculate the greatest common divisor of t and n.
20
Let p(l) = l**3 - 10*l**2 + 14*l + 20. Let h be p(8). Let f(a) = a**2 + 2*a - 1. Let x be f(h). Calculate the greatest common factor of x and 46.
23
Let x be (3 - -10)/(1 - 0)*(-700)/(-20). What is the greatest common factor of 14 and x?
7
Suppose -14*u - 5*y = -8*u - 6527, -y + 4335 = 4*u. What is the highest common factor of 4 and u?
2
Let w be (-2)/(-60)*4 + (2230/150 - -15). What is the greatest common divisor of w and 10425?
15
Let c be ((-20272)/1810)/((-2)/40). Let w be (-14)/(1/2*-1). What is the greatest common divisor of w and c?
28
Suppose -40 = -3*h + 4*c, -h - c - 1 + 26 = 0. Let y = 18 + -24. Let k be (-10)/((4 + y)/2). Calculate the greatest common div